








{"id":8307,"date":"2025-10-08T12:01:59","date_gmt":"2025-10-08T17:01:59","guid":{"rendered":"https:\/\/canal.univalle.edu.co\/?page_id=8307"},"modified":"2025-12-12T16:10:27","modified_gmt":"2025-12-12T21:10:27","slug":"vos-sabes","status":"publish","type":"page","link":"https:\/\/canal.univalle.edu.co\/index.php\/vos-sabes\/","title":{"rendered":"Vos Sab\u00e9s"},"content":{"rendered":"\n<figure class=\"wp-block-image size-full\"><a href=\"https:\/\/canal.univalle.edu.co\/wp-content\/uploads\/2025\/10\/vos-sabes.jpg\"><img loading=\"lazy\" decoding=\"async\" width=\"400\" height=\"216\" src=\"https:\/\/canal.univalle.edu.co\/wp-content\/uploads\/2025\/10\/vos-sabes.jpg\" alt=\"\" class=\"wp-image-8310\" srcset=\"https:\/\/canal.univalle.edu.co\/wp-content\/uploads\/2025\/10\/vos-sabes.jpg 400w, https:\/\/canal.univalle.edu.co\/wp-content\/uploads\/2025\/10\/vos-sabes-300x162.jpg 300w\" sizes=\"(max-width: 400px) 100vw, 400px\" \/><\/a><\/figure>\n\n\n\n<p><\/p>\n\n\n\n<hr class=\"wp-block-separator has-alpha-channel-opacity\"\/>\n\n\n\n<h4 class=\"wp-block-heading\">Magaz\u00edn de la Universidad del Valle donde exploramos el conocimiento que transforma. A trav\u00e9s de cada cap\u00edtulo, abordamos temas de actualidad, proyectos innovadores, eventos culturales, y la investigaci\u00f3n que se realiza en nuestra universidad, mostrando su impacto en la regi\u00f3n del Valle del Cauca.<\/h4>\n\n\n\n<hr class=\"wp-block-separator has-alpha-channel-opacity\"\/>\n\n\n\n<h4 class=\"wp-block-heading\">Todos los Martes 5:30 PM, por nuestro Canal Univalle TV y en YouTube<\/h4>\n\n\n\n<hr class=\"wp-block-separator has-alpha-channel-opacity\"\/>\n\n\n\n<h4 class=\"wp-block-heading\">Presentado por Yizeth Bonilla V\u00e9lez<\/h4>\n\n\n\n<hr class=\"wp-block-separator has-alpha-channel-opacity\"\/>\n\n\n\n<hr class=\"wp-block-separator has-alpha-channel-opacity\"\/>\n\n\n\n<hr class=\"wp-block-separator has-alpha-channel-opacity\"\/>\n\n\n\n<hr class=\"wp-block-separator has-alpha-channel-opacity\"\/>\n\n\n\n<h3 class=\"wp-block-heading\">Temporada 2024-2025<\/h3>\n\n\n\n<hr class=\"wp-block-separator has-alpha-channel-opacity\"\/>\n\n\n\n<hr class=\"wp-block-separator has-alpha-channel-opacity\"\/>\n\n\n\n<p>Vos Sab\u00e9s!: Mujeres que transforman<\/p>\n\n\n\n<p><\/p>\n\n<iframe loading=\"lazy\" width=\"560\" height=\"315\" src=\"https:\/\/www.youtube.com\/embed\/gmONN94V6Gg?si=iZSgHbASVzxldW7X\" title=\"YouTube video player\" frameborder=\"0\" allow=\"accelerometer; autoplay; clipboard-write; encrypted-media; gyroscope; picture-in-picture; web-share\" referrerpolicy=\"strict-origin-when-cross-origin\" allowfullscreen><\/iframe>\n\n<p><\/p>\n\n\n\n<p>Vos Sab\u00e9s!: Los retos de la Comunicaci\u00f3n<\/p>\n\n\n\n<p><\/p>\n\n\n<p><iframe loading=\"lazy\" width=\"560\" height=\"315\" src=\"https:\/\/www.youtube.com\/embed\/PRmC_kTth1U?si=lveeNx_VocyfMXaL\" title=\"YouTube video player\" frameborder=\"0\" allow=\"accelerometer; autoplay; clipboard-write; encrypted-media; gyroscope; picture-in-picture; web-share\" referrerpolicy=\"strict-origin-when-cross-origin\" allowfullscreen><\/iframe><\/p>\n\n\n<p><\/p>\n\n\n\n<p>Vos Sab\u00e9s!: Innovar en salud<\/p>\n\n\n\n<p><\/p>\n\n\n<p><iframe loading=\"lazy\" width=\"560\" height=\"315\" src=\"https:\/\/www.youtube.com\/embed\/jNCPE0DTtZU?si=Dm3tRrgkmhsSLsDr\" title=\"YouTube video player\" frameborder=\"0\" allow=\"accelerometer; autoplay; clipboard-write; encrypted-media; gyroscope; picture-in-picture; web-share\" referrerpolicy=\"strict-origin-when-cross-origin\" allowfullscreen><\/iframe><\/p>\n\n\n<p><\/p>\n\n\n\n<p>Vos Sab\u00e9s!: Analizar la migraci\u00f3n, actuar para la inclusi\u00f3n<\/p>\n\n\n\n<p><\/p>\n\n\n<p><iframe loading=\"lazy\" width=\"560\" height=\"315\" src=\"https:\/\/www.youtube.com\/embed\/TQW5Gc7KU_0?si=KyqZimHHsZKfjcDJ\" title=\"YouTube video player\" frameborder=\"0\" allow=\"accelerometer; autoplay; clipboard-write; encrypted-media; gyroscope; picture-in-picture; web-share\" referrerpolicy=\"strict-origin-when-cross-origin\" allowfullscreen><\/iframe><\/p>\n\n\n<p><\/p>\n\n\n\n<p>Vos Sab\u00e9s!: Investigar para la conservaci\u00f3n y la sostenibilidad<\/p>\n\n\n\n<p><\/p>\n\n\n<p><iframe loading=\"lazy\" width=\"560\" height=\"315\" src=\"https:\/\/www.youtube.com\/embed\/_zZ2f9jIJEY?si=krW_V1QIP92We5zJ\" title=\"YouTube video player\" frameborder=\"0\" allow=\"accelerometer; autoplay; clipboard-write; encrypted-media; gyroscope; picture-in-picture; web-share\" referrerpolicy=\"strict-origin-when-cross-origin\" allowfullscreen><\/iframe><\/p>\n\n\n<p><\/p>\n\n\n\n<p><\/p>\n\n\n\n<p>Vos Sab\u00e9s!: Habitar la ciudad y los territorios<\/p>\n\n\n\n<p><\/p>\n\n\n<p><iframe loading=\"lazy\" width=\"560\" height=\"315\" src=\"https:\/\/www.youtube.com\/embed\/Sfq-iqeIR0E?si=aQ9_6_E0Dqk5lDmv\" title=\"YouTube video player\" frameborder=\"0\" allow=\"accelerometer; autoplay; clipboard-write; encrypted-media; gyroscope; picture-in-picture; web-share\" referrerpolicy=\"strict-origin-when-cross-origin\" allowfullscreen><\/iframe><\/p>\n\n\n<p><\/p>\n\n\n\n<p><\/p>\n\n\n\n<p>Vos Sab\u00e9s!: Pensar el g\u00e9nero<\/p>\n\n\n\n<p><\/p>\n\n\n<p><iframe loading=\"lazy\" width=\"560\" height=\"315\" src=\"https:\/\/www.youtube.com\/embed\/DiKTeWH7F_A?si=l2turYrhDknZdccN\" title=\"YouTube video player\" frameborder=\"0\" allow=\"accelerometer; autoplay; clipboard-write; encrypted-media; gyroscope; picture-in-picture; web-share\" referrerpolicy=\"strict-origin-when-cross-origin\" allowfullscreen><\/iframe><\/p>\n\n\n<p><\/p>\n\n\n\n<p>Vos Sab\u00e9s!: Mariana Mazzucato, Mario Mendoza, la remasterizaci\u00f3n de El Rey \u00a1y mucho m\u00e1s!<\/p>\n\n\n<p><iframe loading=\"lazy\" title=\"YouTube video player\" src=\"https:\/\/www.youtube.com\/embed\/zhmCyHzxEqU?si=oyvwtHMaO7q2jcoh\" width=\"560\" height=\"315\" frameborder=\"0\" allowfullscreen=\"allowfullscreen\"><\/iframe><\/p>\n\n\n<p>Vos Sab\u00e9s!: Diversidad gen\u00e9tica, acceso a la educaci\u00f3n en Su\u00e1rez, y el desempleo juvenil<\/p>\n\n\n<p><iframe loading=\"lazy\" title=\"YouTube video player\" src=\"https:\/\/www.youtube.com\/embed\/ENujemCG0gg?si=2niYvBdxw-xqIERE\" width=\"560\" height=\"315\" frameborder=\"0\" allowfullscreen=\"allowfullscreen\"><\/iframe><\/p>\n\n\n<p>Vos Sab\u00e9s!: Polarizaci\u00f3n digital, recuperaci\u00f3n del r\u00edo Cauca y el valor del chontaduro y mucho m\u00e1s!<\/p>\n\n\n<p><iframe loading=\"lazy\" title=\"YouTube video player\" src=\"https:\/\/www.youtube.com\/embed\/zXrvDcbRP-s?si=EFVTNewqV5gS6cR0\" width=\"560\" height=\"315\" frameborder=\"0\" allowfullscreen=\"allowfullscreen\"><\/iframe><\/p>\n\n\n<p>Vos Sab\u00e9s!: la Bienal Colombiana de Arquitectura, el Plan Estrat\u00e9gico de Desarrollo y mucho m\u00e1s!<\/p>\n\n\n<p><iframe loading=\"lazy\" width=\"560\" height=\"315\" src=\"https:\/\/www.youtube.com\/embed\/1tu84f7dclo?si=JzoB09A_R9MNoukk\" title=\"YouTube video player\" frameborder=\"0\" allow=\"accelerometer; autoplay; clipboard-write; encrypted-media; gyroscope; picture-in-picture; web-share\" referrerpolicy=\"strict-origin-when-cross-origin\" allowfullscreen><\/iframe><\/p>\n\n\n<p>Vos Sab\u00e9s!: Boulevard del Oriente de Cali, Festival de Cine, Feria del Libro y mucho m\u00e1s<\/p>\n\n\n<p><iframe loading=\"lazy\" title=\"YouTube video player\" src=\"https:\/\/www.youtube.com\/embed\/GV0gAu5Y2jE?si=dl0rwYc_qU_GjYnn\" width=\"560\" height=\"315\" frameborder=\"0\" allowfullscreen=\"allowfullscreen\"><\/iframe><\/p>\n\n\n<p><\/p>\n","protected":false},"excerpt":{"rendered":"<p>Magaz\u00edn de la Universidad del Valle donde exploramos el conocimiento que transforma. A trav\u00e9s de cada cap\u00edtulo, abordamos temas de actualidad, proyectos innovadores, eventos culturales, y la investigaci\u00f3n que se realiza en nuestra universidad, mostrando su impacto en la regi\u00f3n del Valle del Cauca. Todos los Martes 5:30 PM, por[&#8230;]<\/p>\n","protected":false},"author":1,"featured_media":0,"parent":0,"menu_order":0,"comment_status":"closed","ping_status":"closed","template":"","meta":{"footnotes":""},"yoast_head":"<!-- This site is optimized with the Yoast SEO plugin v22.2 - https:\/\/yoast.com\/wordpress\/plugins\/seo\/ -->\n<title>Vos Sab\u00e9s - Canal Universitario \/ Universidad del Valle \/ Cali, Colombia<\/title>\n<meta name=\"robots\" content=\"index, follow, max-snippet:-1, max-image-preview:large, max-video-preview:-1\" \/>\n<link rel=\"canonical\" href=\"https:\/\/canal.univalle.edu.co\/index.php\/vos-sabes\/\" \/>\n<meta property=\"og:locale\" content=\"es_ES\" \/>\n<meta property=\"og:type\" content=\"article\" \/>\n<meta property=\"og:title\" content=\"Vos Sab\u00e9s - Canal Universitario \/ Universidad del Valle \/ Cali, Colombia\" \/>\n<meta property=\"og:description\" content=\"Magaz\u00edn de la Universidad del Valle donde exploramos el conocimiento que transforma. A trav\u00e9s de cada cap\u00edtulo, abordamos temas de actualidad, proyectos innovadores, eventos culturales, y la investigaci\u00f3n que se realiza en nuestra universidad, mostrando su impacto en la regi\u00f3n del Valle del Cauca. Todos los Martes 5:30 PM, por[...]\" \/>\n<meta property=\"og:url\" content=\"https:\/\/canal.univalle.edu.co\/index.php\/vos-sabes\/\" \/>\n<meta property=\"og:site_name\" content=\"Canal Universitario \/ Universidad del Valle \/ Cali, Colombia\" \/>\n<meta property=\"article:modified_time\" content=\"2025-12-12T21:10:27+00:00\" \/>\n<meta property=\"og:image\" content=\"https:\/\/canal.univalle.edu.co\/wp-content\/uploads\/2025\/10\/vos-sabes.jpg\" \/>\n<meta name=\"twitter:label1\" content=\"Tiempo de lectura\" \/>\n\t<meta name=\"twitter:data1\" content=\"2 minutos\" \/>\n<script type=\"application\/ld+json\" class=\"yoast-schema-graph\">{\"@context\":\"https:\/\/schema.org\",\"@graph\":[{\"@type\":\"WebPage\",\"@id\":\"https:\/\/canal.univalle.edu.co\/index.php\/vos-sabes\/\",\"url\":\"https:\/\/canal.univalle.edu.co\/index.php\/vos-sabes\/\",\"name\":\"Vos Sab\u00e9s - Canal Universitario \/ Universidad del Valle \/ Cali, Colombia\",\"isPartOf\":{\"@id\":\"https:\/\/canal.univalle.edu.co\/#website\"},\"primaryImageOfPage\":{\"@id\":\"https:\/\/canal.univalle.edu.co\/index.php\/vos-sabes\/#primaryimage\"},\"image\":{\"@id\":\"https:\/\/canal.univalle.edu.co\/index.php\/vos-sabes\/#primaryimage\"},\"thumbnailUrl\":\"https:\/\/canal.univalle.edu.co\/wp-content\/uploads\/2025\/10\/vos-sabes.jpg\",\"datePublished\":\"2025-10-08T17:01:59+00:00\",\"dateModified\":\"2025-12-12T21:10:27+00:00\",\"breadcrumb\":{\"@id\":\"https:\/\/canal.univalle.edu.co\/index.php\/vos-sabes\/#breadcrumb\"},\"inLanguage\":\"es\",\"potentialAction\":[{\"@type\":\"ReadAction\",\"target\":[\"https:\/\/canal.univalle.edu.co\/index.php\/vos-sabes\/\"]}]},{\"@type\":\"ImageObject\",\"inLanguage\":\"es\",\"@id\":\"https:\/\/canal.univalle.edu.co\/index.php\/vos-sabes\/#primaryimage\",\"url\":\"https:\/\/canal.univalle.edu.co\/wp-content\/uploads\/2025\/10\/vos-sabes.jpg\",\"contentUrl\":\"https:\/\/canal.univalle.edu.co\/wp-content\/uploads\/2025\/10\/vos-sabes.jpg\",\"width\":400,\"height\":216},{\"@type\":\"BreadcrumbList\",\"@id\":\"https:\/\/canal.univalle.edu.co\/index.php\/vos-sabes\/#breadcrumb\",\"itemListElement\":[{\"@type\":\"ListItem\",\"position\":1,\"name\":\"Portada\",\"item\":\"https:\/\/canal.univalle.edu.co\/\"},{\"@type\":\"ListItem\",\"position\":2,\"name\":\"Vos Sab\u00e9s\"}]},{\"@type\":\"WebSite\",\"@id\":\"https:\/\/canal.univalle.edu.co\/#website\",\"url\":\"https:\/\/canal.univalle.edu.co\/\",\"name\":\"Canal Universitario \/ Universidad del Valle \/ Cali, Colombia\",\"description\":\"Canal de la Universidad del Valle\",\"potentialAction\":[{\"@type\":\"SearchAction\",\"target\":{\"@type\":\"EntryPoint\",\"urlTemplate\":\"https:\/\/canal.univalle.edu.co\/?s={search_term_string}\"},\"query-input\":\"required name=search_term_string\"}],\"inLanguage\":\"es\"}]}<\/script>\n<!-- \/ Yoast SEO plugin. -->","yoast_head_json":{"title":"Vos Sab\u00e9s - Canal Universitario \/ Universidad del Valle \/ Cali, Colombia","robots":{"index":"index","follow":"follow","max-snippet":"max-snippet:-1","max-image-preview":"max-image-preview:large","max-video-preview":"max-video-preview:-1"},"canonical":"https:\/\/canal.univalle.edu.co\/index.php\/vos-sabes\/","og_locale":"es_ES","og_type":"article","og_title":"Vos Sab\u00e9s - Canal Universitario \/ Universidad del Valle \/ Cali, Colombia","og_description":"Magaz\u00edn de la Universidad del Valle donde exploramos el conocimiento que transforma. A trav\u00e9s de cada cap\u00edtulo, abordamos temas de actualidad, proyectos innovadores, eventos culturales, y la investigaci\u00f3n que se realiza en nuestra universidad, mostrando su impacto en la regi\u00f3n del Valle del Cauca. Todos los Martes 5:30 PM, por[...]","og_url":"https:\/\/canal.univalle.edu.co\/index.php\/vos-sabes\/","og_site_name":"Canal Universitario \/ Universidad del Valle \/ Cali, Colombia","article_modified_time":"2025-12-12T21:10:27+00:00","og_image":[{"url":"https:\/\/canal.univalle.edu.co\/wp-content\/uploads\/2025\/10\/vos-sabes.jpg"}],"twitter_misc":{"Tiempo de lectura":"2 minutos"},"schema":{"@context":"https:\/\/schema.org","@graph":[{"@type":"WebPage","@id":"https:\/\/canal.univalle.edu.co\/index.php\/vos-sabes\/","url":"https:\/\/canal.univalle.edu.co\/index.php\/vos-sabes\/","name":"Vos Sab\u00e9s - Canal Universitario \/ Universidad del Valle \/ Cali, Colombia","isPartOf":{"@id":"https:\/\/canal.univalle.edu.co\/#website"},"primaryImageOfPage":{"@id":"https:\/\/canal.univalle.edu.co\/index.php\/vos-sabes\/#primaryimage"},"image":{"@id":"https:\/\/canal.univalle.edu.co\/index.php\/vos-sabes\/#primaryimage"},"thumbnailUrl":"https:\/\/canal.univalle.edu.co\/wp-content\/uploads\/2025\/10\/vos-sabes.jpg","datePublished":"2025-10-08T17:01:59+00:00","dateModified":"2025-12-12T21:10:27+00:00","breadcrumb":{"@id":"https:\/\/canal.univalle.edu.co\/index.php\/vos-sabes\/#breadcrumb"},"inLanguage":"es","potentialAction":[{"@type":"ReadAction","target":["https:\/\/canal.univalle.edu.co\/index.php\/vos-sabes\/"]}]},{"@type":"ImageObject","inLanguage":"es","@id":"https:\/\/canal.univalle.edu.co\/index.php\/vos-sabes\/#primaryimage","url":"https:\/\/canal.univalle.edu.co\/wp-content\/uploads\/2025\/10\/vos-sabes.jpg","contentUrl":"https:\/\/canal.univalle.edu.co\/wp-content\/uploads\/2025\/10\/vos-sabes.jpg","width":400,"height":216},{"@type":"BreadcrumbList","@id":"https:\/\/canal.univalle.edu.co\/index.php\/vos-sabes\/#breadcrumb","itemListElement":[{"@type":"ListItem","position":1,"name":"Portada","item":"https:\/\/canal.univalle.edu.co\/"},{"@type":"ListItem","position":2,"name":"Vos Sab\u00e9s"}]},{"@type":"WebSite","@id":"https:\/\/canal.univalle.edu.co\/#website","url":"https:\/\/canal.univalle.edu.co\/","name":"Canal Universitario \/ Universidad del Valle \/ Cali, Colombia","description":"Canal de la Universidad del Valle","potentialAction":[{"@type":"SearchAction","target":{"@type":"EntryPoint","urlTemplate":"https:\/\/canal.univalle.edu.co\/?s={search_term_string}"},"query-input":"required name=search_term_string"}],"inLanguage":"es"}]}},"_links":{"self":[{"href":"https:\/\/canal.univalle.edu.co\/index.php\/wp-json\/wp\/v2\/pages\/8307"}],"collection":[{"href":"https:\/\/canal.univalle.edu.co\/index.php\/wp-json\/wp\/v2\/pages"}],"about":[{"href":"https:\/\/canal.univalle.edu.co\/index.php\/wp-json\/wp\/v2\/types\/page"}],"author":[{"embeddable":true,"href":"https:\/\/canal.univalle.edu.co\/index.php\/wp-json\/wp\/v2\/users\/1"}],"replies":[{"embeddable":true,"href":"https:\/\/canal.univalle.edu.co\/index.php\/wp-json\/wp\/v2\/comments?post=8307"}],"version-history":[{"count":10,"href":"https:\/\/canal.univalle.edu.co\/index.php\/wp-json\/wp\/v2\/pages\/8307\/revisions"}],"predecessor-version":[{"id":8644,"href":"https:\/\/canal.univalle.edu.co\/index.php\/wp-json\/wp\/v2\/pages\/8307\/revisions\/8644"}],"wp:attachment":[{"href":"https:\/\/canal.univalle.edu.co\/index.php\/wp-json\/wp\/v2\/media?parent=8307"}],"curies":[{"name":"wp","href":"https:\/\/api.w.org\/{rel}","templated":true}]}}