








{"id":7515,"date":"2022-05-25T10:01:26","date_gmt":"2022-05-25T15:01:26","guid":{"rendered":"http:\/\/canal.univalle.edu.co\/?page_id=7515"},"modified":"2025-12-11T13:31:20","modified_gmt":"2025-12-11T18:31:20","slug":"red-empresarial","status":"publish","type":"page","link":"https:\/\/canal.univalle.edu.co\/index.php\/red-empresarial\/","title":{"rendered":"Red Empresarial"},"content":{"rendered":"\n<figure class=\"wp-block-image size-full\"><a href=\"https:\/\/canal.univalle.edu.co\/wp-content\/uploads\/2025\/10\/red-emp.jpg\"><img loading=\"lazy\" decoding=\"async\" width=\"473\" height=\"259\" src=\"https:\/\/canal.univalle.edu.co\/wp-content\/uploads\/2025\/10\/red-emp.jpg\" alt=\"\" class=\"wp-image-8327\" srcset=\"https:\/\/canal.univalle.edu.co\/wp-content\/uploads\/2025\/10\/red-emp.jpg 473w, https:\/\/canal.univalle.edu.co\/wp-content\/uploads\/2025\/10\/red-emp-300x164.jpg 300w, https:\/\/canal.univalle.edu.co\/wp-content\/uploads\/2025\/10\/red-emp-438x240.jpg 438w\" sizes=\"(max-width: 473px) 100vw, 473px\" \/><\/a><\/figure>\n\n\n\n<h4 class=\"wp-block-heading\">El informativo de la Facultad de Ciencias de la Administraci\u00f3n.<\/h4>\n\n\n\n<hr class=\"wp-block-separator has-alpha-channel-opacity\"\/>\n\n\n\n<h4 class=\"wp-block-heading\">Todos los Mi\u00e9rcoles 8:00 PM, por nuestro Canal Univalle TV y en YouTube<\/h4>\n\n\n\n<hr class=\"wp-block-separator has-alpha-channel-opacity\"\/>\n\n\n\n<h4 class=\"wp-block-heading\">Presentado por Aura Camila Lema<\/h4>\n\n\n\n<hr class=\"wp-block-separator has-alpha-channel-opacity\"\/>\n\n\n\n<hr class=\"wp-block-separator has-alpha-channel-opacity\"\/>\n\n\n\n<hr class=\"wp-block-separator has-alpha-channel-opacity\"\/>\n\n\n\n<h3 class=\"wp-block-heading\">Temporada 2025<\/h3>\n\n\n\n<hr class=\"wp-block-separator has-alpha-channel-opacity\"\/>\n\n\n\n<p>Cap. 97 Geopol\u00edtica: la investigaci\u00f3n para la toma de decisiones estrat\u00e9gicas.<\/p>\n\n\n\n<p><\/p>\n\n\n<p><iframe loading=\"lazy\" width=\"560\" height=\"315\" src=\"https:\/\/www.youtube.com\/embed\/fKlSZzzTAug?si=HoK76mpN9-E7-VtD\" title=\"YouTube video player\" frameborder=\"0\" allow=\"accelerometer; autoplay; clipboard-write; encrypted-media; gyroscope; picture-in-picture; web-share\" referrerpolicy=\"strict-origin-when-cross-origin\" allowfullscreen><\/iframe><\/p>\n\n\n<p><\/p>\n\n\n\n<p>Cap. 96 Empresas familiares o familias empresarias: el desaf\u00edo de crecer juntos.<\/p>\n\n\n\n<p><\/p>\n\n\n<p><iframe loading=\"lazy\" width=\"560\" height=\"315\" src=\"https:\/\/www.youtube.com\/embed\/WpICD74b81I?si=3aHR5E8ynb74lh_I\" title=\"YouTube video player\" frameborder=\"0\" allow=\"accelerometer; autoplay; clipboard-write; encrypted-media; gyroscope; picture-in-picture; web-share\" referrerpolicy=\"strict-origin-when-cross-origin\" allowfullscreen><\/iframe><\/p>\n\n\n<p><\/p>\n\n\n\n<p>Cap. 95 . Concierto de Shakira y una apuesta por el turismo MICE<\/p>\n\n\n\n<p><\/p>\n\n\n<p><iframe loading=\"lazy\" width=\"560\" height=\"315\" src=\"https:\/\/www.youtube.com\/embed\/bp4s5AD3dL4?si=uP560Pigr_w-7L5E\" title=\"YouTube video player\" frameborder=\"0\" allow=\"accelerometer; autoplay; clipboard-write; encrypted-media; gyroscope; picture-in-picture; web-share\" referrerpolicy=\"strict-origin-when-cross-origin\" allowfullscreen><\/iframe><\/p>\n\n\n<p><\/p>\n\n\n\n<p>Cap. 94. Reforma laboral en Colombia: \u00bfqui\u00e9n gana y qui\u00e9n pierde?<\/p>\n\n\n\n<p><\/p>\n\n\n<p><iframe loading=\"lazy\" width=\"560\" height=\"315\" src=\"https:\/\/www.youtube.com\/embed\/RnlKWsXX9dM?si=fmovI0mPB6Lgqdz0\" title=\"YouTube video player\" frameborder=\"0\" allow=\"accelerometer; autoplay; clipboard-write; encrypted-media; gyroscope; picture-in-picture; web-share\" referrerpolicy=\"strict-origin-when-cross-origin\" allowfullscreen><\/iframe><\/p>\n\n\n<p><\/p>\n\n\n\n<p>Cap. 93. Valle Sostenible: retos y oportunidades!<\/p>\n\n\n<p><iframe loading=\"lazy\" width=\"560\" height=\"315\" src=\"https:\/\/www.youtube.com\/embed\/Put92VWh54Y?si=FrLY8ChpuoYjXPlU\" title=\"YouTube video player\" frameborder=\"0\" allow=\"accelerometer; autoplay; clipboard-write; encrypted-media; gyroscope; picture-in-picture; web-share\" referrerpolicy=\"strict-origin-when-cross-origin\" allowfullscreen><\/iframe><\/p>\n\n\n<p><\/p>\n\n\n\n<p>Especial Guerra Arancelaria \u00abEl ajedrez del poder: aranceles y geopol\u00edtica global\u00bb Cap.03<\/p>\n\n\n<p><iframe loading=\"lazy\" width=\"560\" height=\"315\" src=\"https:\/\/www.youtube.com\/embed\/ZXfFLh-2YYg?si=dntgZlOqULapowG2\" title=\"YouTube video player\" frameborder=\"0\" allow=\"accelerometer; autoplay; clipboard-write; encrypted-media; gyroscope; picture-in-picture; web-share\" referrerpolicy=\"strict-origin-when-cross-origin\" allowfullscreen><\/iframe><\/p>\n\n\n<p><\/p>\n\n\n\n<p>Especial Guerra Arancelaria y sus efectos en la tasa de cambio e inversiones Cap.02<\/p>\n\n\n<p><iframe loading=\"lazy\" width=\"560\" height=\"315\" src=\"https:\/\/www.youtube.com\/embed\/txloTE3zuks?si=rD9OM5DtgHXtNA-V\" title=\"YouTube video player\" frameborder=\"0\" allow=\"accelerometer; autoplay; clipboard-write; encrypted-media; gyroscope; picture-in-picture; web-share\" referrerpolicy=\"strict-origin-when-cross-origin\" allowfullscreen><\/iframe><\/p>\n\n\n<p><\/p>\n\n\n\n<p>Especial Guerra Arancelaria y efectos comerciales en el Valle del Cauca Cap.01<\/p>\n\n\n<p><iframe loading=\"lazy\" width=\"560\" height=\"315\" src=\"https:\/\/www.youtube.com\/embed\/YnNQeqkgtuw?si=bvDyHoDBBWNBpeD-\" title=\"YouTube video player\" frameborder=\"0\" allow=\"accelerometer; autoplay; clipboard-write; encrypted-media; gyroscope; picture-in-picture; web-share\" referrerpolicy=\"strict-origin-when-cross-origin\" allowfullscreen><\/iframe><\/p>\n\n\n<p><\/p>\n","protected":false},"excerpt":{"rendered":"<p>El informativo de la Facultad de Ciencias de la Administraci\u00f3n. Todos los Mi\u00e9rcoles 8:00 PM, por nuestro Canal Univalle TV y en YouTube Presentado por Aura Camila Lema Temporada 2025 Cap. 97 Geopol\u00edtica: la investigaci\u00f3n para la toma de decisiones estrat\u00e9gicas. Cap. 96 Empresas familiares o familias empresarias: el desaf\u00edo[&#8230;]<\/p>\n","protected":false},"author":1,"featured_media":0,"parent":0,"menu_order":0,"comment_status":"closed","ping_status":"closed","template":"","meta":{"footnotes":""},"yoast_head":"<!-- This site is optimized with the Yoast SEO plugin v22.2 - https:\/\/yoast.com\/wordpress\/plugins\/seo\/ -->\n<title>Red Empresarial - Canal Universitario \/ Universidad del Valle \/ Cali, Colombia<\/title>\n<meta name=\"robots\" content=\"index, follow, max-snippet:-1, max-image-preview:large, max-video-preview:-1\" \/>\n<link rel=\"canonical\" href=\"https:\/\/canal.univalle.edu.co\/index.php\/red-empresarial\/\" \/>\n<meta property=\"og:locale\" content=\"es_ES\" \/>\n<meta property=\"og:type\" content=\"article\" \/>\n<meta property=\"og:title\" content=\"Red Empresarial - Canal Universitario \/ Universidad del Valle \/ Cali, Colombia\" \/>\n<meta property=\"og:description\" content=\"El informativo de la Facultad de Ciencias de la Administraci\u00f3n. Todos los Mi\u00e9rcoles 8:00 PM, por nuestro Canal Univalle TV y en YouTube Presentado por Aura Camila Lema Temporada 2025 Cap. 97 Geopol\u00edtica: la investigaci\u00f3n para la toma de decisiones estrat\u00e9gicas. Cap. 96 Empresas familiares o familias empresarias: el desaf\u00edo[...]\" \/>\n<meta property=\"og:url\" content=\"https:\/\/canal.univalle.edu.co\/index.php\/red-empresarial\/\" \/>\n<meta property=\"og:site_name\" content=\"Canal Universitario \/ Universidad del Valle \/ Cali, Colombia\" \/>\n<meta property=\"article:modified_time\" content=\"2025-12-11T18:31:20+00:00\" \/>\n<meta property=\"og:image\" content=\"https:\/\/canal.univalle.edu.co\/wp-content\/uploads\/2025\/10\/red-emp.jpg\" \/>\n<meta name=\"twitter:label1\" content=\"Tiempo de lectura\" \/>\n\t<meta name=\"twitter:data1\" content=\"1 minuto\" \/>\n<script type=\"application\/ld+json\" class=\"yoast-schema-graph\">{\"@context\":\"https:\/\/schema.org\",\"@graph\":[{\"@type\":\"WebPage\",\"@id\":\"https:\/\/canal.univalle.edu.co\/index.php\/red-empresarial\/\",\"url\":\"https:\/\/canal.univalle.edu.co\/index.php\/red-empresarial\/\",\"name\":\"Red Empresarial - Canal Universitario \/ Universidad del Valle \/ Cali, Colombia\",\"isPartOf\":{\"@id\":\"https:\/\/canal.univalle.edu.co\/#website\"},\"primaryImageOfPage\":{\"@id\":\"https:\/\/canal.univalle.edu.co\/index.php\/red-empresarial\/#primaryimage\"},\"image\":{\"@id\":\"https:\/\/canal.univalle.edu.co\/index.php\/red-empresarial\/#primaryimage\"},\"thumbnailUrl\":\"https:\/\/canal.univalle.edu.co\/wp-content\/uploads\/2025\/10\/red-emp.jpg\",\"datePublished\":\"2022-05-25T15:01:26+00:00\",\"dateModified\":\"2025-12-11T18:31:20+00:00\",\"breadcrumb\":{\"@id\":\"https:\/\/canal.univalle.edu.co\/index.php\/red-empresarial\/#breadcrumb\"},\"inLanguage\":\"es\",\"potentialAction\":[{\"@type\":\"ReadAction\",\"target\":[\"https:\/\/canal.univalle.edu.co\/index.php\/red-empresarial\/\"]}]},{\"@type\":\"ImageObject\",\"inLanguage\":\"es\",\"@id\":\"https:\/\/canal.univalle.edu.co\/index.php\/red-empresarial\/#primaryimage\",\"url\":\"https:\/\/canal.univalle.edu.co\/wp-content\/uploads\/2025\/10\/red-emp.jpg\",\"contentUrl\":\"https:\/\/canal.univalle.edu.co\/wp-content\/uploads\/2025\/10\/red-emp.jpg\",\"width\":473,\"height\":259},{\"@type\":\"BreadcrumbList\",\"@id\":\"https:\/\/canal.univalle.edu.co\/index.php\/red-empresarial\/#breadcrumb\",\"itemListElement\":[{\"@type\":\"ListItem\",\"position\":1,\"name\":\"Portada\",\"item\":\"https:\/\/canal.univalle.edu.co\/\"},{\"@type\":\"ListItem\",\"position\":2,\"name\":\"Red Empresarial\"}]},{\"@type\":\"WebSite\",\"@id\":\"https:\/\/canal.univalle.edu.co\/#website\",\"url\":\"https:\/\/canal.univalle.edu.co\/\",\"name\":\"Canal Universitario \/ Universidad del Valle \/ Cali, Colombia\",\"description\":\"Canal de la Universidad del Valle\",\"potentialAction\":[{\"@type\":\"SearchAction\",\"target\":{\"@type\":\"EntryPoint\",\"urlTemplate\":\"https:\/\/canal.univalle.edu.co\/?s={search_term_string}\"},\"query-input\":\"required name=search_term_string\"}],\"inLanguage\":\"es\"}]}<\/script>\n<!-- \/ Yoast SEO plugin. -->","yoast_head_json":{"title":"Red Empresarial - Canal Universitario \/ Universidad del Valle \/ Cali, Colombia","robots":{"index":"index","follow":"follow","max-snippet":"max-snippet:-1","max-image-preview":"max-image-preview:large","max-video-preview":"max-video-preview:-1"},"canonical":"https:\/\/canal.univalle.edu.co\/index.php\/red-empresarial\/","og_locale":"es_ES","og_type":"article","og_title":"Red Empresarial - Canal Universitario \/ Universidad del Valle \/ Cali, Colombia","og_description":"El informativo de la Facultad de Ciencias de la Administraci\u00f3n. Todos los Mi\u00e9rcoles 8:00 PM, por nuestro Canal Univalle TV y en YouTube Presentado por Aura Camila Lema Temporada 2025 Cap. 97 Geopol\u00edtica: la investigaci\u00f3n para la toma de decisiones estrat\u00e9gicas. Cap. 96 Empresas familiares o familias empresarias: el desaf\u00edo[...]","og_url":"https:\/\/canal.univalle.edu.co\/index.php\/red-empresarial\/","og_site_name":"Canal Universitario \/ Universidad del Valle \/ Cali, Colombia","article_modified_time":"2025-12-11T18:31:20+00:00","og_image":[{"url":"https:\/\/canal.univalle.edu.co\/wp-content\/uploads\/2025\/10\/red-emp.jpg"}],"twitter_misc":{"Tiempo de lectura":"1 minuto"},"schema":{"@context":"https:\/\/schema.org","@graph":[{"@type":"WebPage","@id":"https:\/\/canal.univalle.edu.co\/index.php\/red-empresarial\/","url":"https:\/\/canal.univalle.edu.co\/index.php\/red-empresarial\/","name":"Red Empresarial - Canal Universitario \/ Universidad del Valle \/ Cali, Colombia","isPartOf":{"@id":"https:\/\/canal.univalle.edu.co\/#website"},"primaryImageOfPage":{"@id":"https:\/\/canal.univalle.edu.co\/index.php\/red-empresarial\/#primaryimage"},"image":{"@id":"https:\/\/canal.univalle.edu.co\/index.php\/red-empresarial\/#primaryimage"},"thumbnailUrl":"https:\/\/canal.univalle.edu.co\/wp-content\/uploads\/2025\/10\/red-emp.jpg","datePublished":"2022-05-25T15:01:26+00:00","dateModified":"2025-12-11T18:31:20+00:00","breadcrumb":{"@id":"https:\/\/canal.univalle.edu.co\/index.php\/red-empresarial\/#breadcrumb"},"inLanguage":"es","potentialAction":[{"@type":"ReadAction","target":["https:\/\/canal.univalle.edu.co\/index.php\/red-empresarial\/"]}]},{"@type":"ImageObject","inLanguage":"es","@id":"https:\/\/canal.univalle.edu.co\/index.php\/red-empresarial\/#primaryimage","url":"https:\/\/canal.univalle.edu.co\/wp-content\/uploads\/2025\/10\/red-emp.jpg","contentUrl":"https:\/\/canal.univalle.edu.co\/wp-content\/uploads\/2025\/10\/red-emp.jpg","width":473,"height":259},{"@type":"BreadcrumbList","@id":"https:\/\/canal.univalle.edu.co\/index.php\/red-empresarial\/#breadcrumb","itemListElement":[{"@type":"ListItem","position":1,"name":"Portada","item":"https:\/\/canal.univalle.edu.co\/"},{"@type":"ListItem","position":2,"name":"Red Empresarial"}]},{"@type":"WebSite","@id":"https:\/\/canal.univalle.edu.co\/#website","url":"https:\/\/canal.univalle.edu.co\/","name":"Canal Universitario \/ Universidad del Valle \/ Cali, Colombia","description":"Canal de la Universidad del Valle","potentialAction":[{"@type":"SearchAction","target":{"@type":"EntryPoint","urlTemplate":"https:\/\/canal.univalle.edu.co\/?s={search_term_string}"},"query-input":"required name=search_term_string"}],"inLanguage":"es"}]}},"_links":{"self":[{"href":"https:\/\/canal.univalle.edu.co\/index.php\/wp-json\/wp\/v2\/pages\/7515"}],"collection":[{"href":"https:\/\/canal.univalle.edu.co\/index.php\/wp-json\/wp\/v2\/pages"}],"about":[{"href":"https:\/\/canal.univalle.edu.co\/index.php\/wp-json\/wp\/v2\/types\/page"}],"author":[{"embeddable":true,"href":"https:\/\/canal.univalle.edu.co\/index.php\/wp-json\/wp\/v2\/users\/1"}],"replies":[{"embeddable":true,"href":"https:\/\/canal.univalle.edu.co\/index.php\/wp-json\/wp\/v2\/comments?post=7515"}],"version-history":[{"count":31,"href":"https:\/\/canal.univalle.edu.co\/index.php\/wp-json\/wp\/v2\/pages\/7515\/revisions"}],"predecessor-version":[{"id":8640,"href":"https:\/\/canal.univalle.edu.co\/index.php\/wp-json\/wp\/v2\/pages\/7515\/revisions\/8640"}],"wp:attachment":[{"href":"https:\/\/canal.univalle.edu.co\/index.php\/wp-json\/wp\/v2\/media?parent=7515"}],"curies":[{"name":"wp","href":"https:\/\/api.w.org\/{rel}","templated":true}]}}