








{"id":6176,"date":"2019-03-19T12:54:18","date_gmt":"2019-03-19T17:54:18","guid":{"rendered":"http:\/\/canal.univalle.edu.co\/?page_id=6176"},"modified":"2023-09-27T10:50:53","modified_gmt":"2023-09-27T15:50:53","slug":"la-quinta-silla","status":"publish","type":"page","link":"https:\/\/canal.univalle.edu.co\/index.php\/la-quinta-silla\/","title":{"rendered":"La Quinta Silla"},"content":{"rendered":"<p><img loading=\"lazy\" decoding=\"async\" class=\"aligncenter size-full wp-image-6177\" src=\"http:\/\/canal.univalle.edu.co\/wp-content\/uploads\/2019\/03\/la-quinta-silla.jpg\" alt=\"la quinta silla\" width=\"617\" height=\"369\" srcset=\"https:\/\/canal.univalle.edu.co\/wp-content\/uploads\/2019\/03\/la-quinta-silla.jpg 617w, https:\/\/canal.univalle.edu.co\/wp-content\/uploads\/2019\/03\/la-quinta-silla-300x179.jpg 300w, https:\/\/canal.univalle.edu.co\/wp-content\/uploads\/2019\/03\/la-quinta-silla-438x262.jpg 438w\" sizes=\"(max-width: 617px) 100vw, 617px\" \/><\/p>\n<p>Emisiones del 2023<\/p>\n<p>Participaci\u00f3n de la sociedad civil en la paz total<\/p>\n<p><iframe loading=\"lazy\" width=\"560\" height=\"315\" src=\"https:\/\/www.youtube.com\/embed\/2NEOrj6sdqE?si=RH18Q316kSBTuCgu\" title=\"YouTube video player\" frameborder=\"0\" allow=\"accelerometer; autoplay; clipboard-write; encrypted-media; gyroscope; picture-in-picture; web-share\" allowfullscreen><\/iframe><\/p>\n<p>Reforma Laboral<\/p>\n<p><iframe loading=\"lazy\" width=\"560\" height=\"315\" src=\"https:\/\/www.youtube.com\/embed\/oiEc71gxp4g?si=QRe9SVKU2m-6tiyW\" title=\"YouTube video player\" frameborder=\"0\" allow=\"accelerometer; autoplay; clipboard-write; encrypted-media; gyroscope; picture-in-picture; web-share\" allowfullscreen><\/iframe><\/p>\n<p>Paz Total<\/p>\n<p><iframe loading=\"lazy\" width=\"560\" height=\"315\" src=\"https:\/\/www.youtube.com\/embed\/eBZD-Q9havc?si=09MYMNAD_GjXEPYA\" title=\"YouTube video player\" frameborder=\"0\" allow=\"accelerometer; autoplay; clipboard-write; encrypted-media; gyroscope; picture-in-picture; web-share\" allowfullscreen><\/iframe><\/p>\n<p>Las huellas del feminicidio<\/p>\n<p><iframe loading=\"lazy\" width=\"560\" height=\"315\" src=\"https:\/\/www.youtube.com\/embed\/E6LEcTnVp_I?si=3VMQjkRgp5kaVHyc\" title=\"YouTube video player\" frameborder=\"0\" allow=\"accelerometer; autoplay; clipboard-write; encrypted-media; gyroscope; picture-in-picture; web-share\" allowfullscreen><\/iframe><\/p>\n<p>Gustavo Petro, logros, retos y esc\u00e1ndalos en su primer a\u00f1o de gobierno.<\/p>\n<p><iframe loading=\"lazy\" title=\"YouTube video player\" src=\"https:\/\/www.youtube.com\/embed\/JTg00Xr_A4Q\" width=\"560\" height=\"315\" frameborder=\"0\" allowfullscreen=\"allowfullscreen\"><\/iframe><\/p>\n<p>L\u00edderes sociales,la zozobra no se detiene.<\/p>\n<p><iframe loading=\"lazy\" title=\"YouTube video player\" src=\"https:\/\/www.youtube.com\/embed\/18viDiJtI8k\" width=\"560\" height=\"315\" frameborder=\"0\" allowfullscreen=\"allowfullscreen\"><\/iframe><\/p>\n<p>Cali: Los retos en su movilidad<\/p>\n<p><iframe loading=\"lazy\" title=\"YouTube video player\" src=\"https:\/\/www.youtube.com\/embed\/WRasaEWn_WU\" width=\"560\" height=\"315\" frameborder=\"0\" allowfullscreen=\"allowfullscreen\"><\/iframe><\/p>\n<p>Buenaventura, mas alla de la crisis.<\/p>\n<p><iframe loading=\"lazy\" title=\"YouTube video player\" src=\"https:\/\/www.youtube.com\/embed\/OssPDOfRwLU\" width=\"560\" height=\"315\" frameborder=\"0\" allowfullscreen=\"allowfullscreen\"><\/iframe><\/p>\n<p>Del civismo a la Anarquia.<\/p>\n<p><iframe loading=\"lazy\" title=\"YouTube video player\" src=\"https:\/\/www.youtube.com\/embed\/BMwDK9i6A4Q\" width=\"560\" height=\"315\" frameborder=\"0\" allowfullscreen=\"allowfullscreen\"><\/iframe><\/p>\n<p>Miner\u00eda ilegal en Cali<\/p>\n<p><iframe loading=\"lazy\" title=\"YouTube video player\" src=\"https:\/\/www.youtube.com\/embed\/AobdjdmceCQ\" width=\"560\" height=\"315\" frameborder=\"0\" allowfullscreen=\"allowfullscreen\"><\/iframe><\/p>\n<p>El Impacto de la inseguridad en la salud mental de los Cale\u00f1o<\/p>\n<p><iframe loading=\"lazy\" title=\"YouTube video player\" src=\"https:\/\/www.youtube.com\/embed\/pPvDigBoLyQ\" width=\"560\" height=\"315\" frameborder=\"0\" allowfullscreen=\"allowfullscreen\"><\/iframe><\/p>\n<p>El cese al fuego con el ELN<\/p>\n<p><iframe loading=\"lazy\" title=\"YouTube video player\" src=\"https:\/\/www.youtube.com\/embed\/5TreJja-NQM\" width=\"560\" height=\"315\" frameborder=\"0\" allowfullscreen=\"allowfullscreen\"><\/iframe><\/p>\n<p>Paz en el gobierno Petro<\/p>\n<p><iframe loading=\"lazy\" title=\"YouTube video player\" src=\"https:\/\/www.youtube.com\/embed\/lvi3OjRgZHQ\" width=\"560\" height=\"315\" frameborder=\"0\" allowfullscreen=\"allowfullscreen\"><\/iframe><\/p>\n<p>Panorama Pol\u00edtico<\/p>\n<p><iframe loading=\"lazy\" title=\"YouTube video player\" src=\"https:\/\/www.youtube.com\/embed\/7y0XfluunLI\" width=\"560\" height=\"315\" frameborder=\"0\" allowfullscreen=\"allowfullscreen\"><\/iframe><\/p>\n","protected":false},"excerpt":{"rendered":"<p>Emisiones del 2023 Participaci\u00f3n de la sociedad civil en la paz total Reforma Laboral Paz Total Las huellas del feminicidio Gustavo Petro, logros, retos y esc\u00e1ndalos en su primer a\u00f1o de gobierno. L\u00edderes sociales,la zozobra no se detiene. Cali: Los retos en su movilidad Buenaventura, mas alla de la crisis.[&#8230;]<\/p>\n","protected":false},"author":1,"featured_media":0,"parent":0,"menu_order":0,"comment_status":"closed","ping_status":"closed","template":"","meta":{"footnotes":""},"yoast_head":"<!-- This site is optimized with the Yoast SEO plugin v22.2 - https:\/\/yoast.com\/wordpress\/plugins\/seo\/ -->\n<title>La Quinta Silla - Canal Universitario \/ Universidad del Valle \/ Cali, Colombia<\/title>\n<meta name=\"robots\" content=\"index, follow, max-snippet:-1, max-image-preview:large, max-video-preview:-1\" \/>\n<link rel=\"canonical\" href=\"https:\/\/canal.univalle.edu.co\/index.php\/la-quinta-silla\/\" \/>\n<meta property=\"og:locale\" content=\"es_ES\" \/>\n<meta property=\"og:type\" content=\"article\" \/>\n<meta property=\"og:title\" content=\"La Quinta Silla - Canal Universitario \/ Universidad del Valle \/ Cali, Colombia\" \/>\n<meta property=\"og:description\" content=\"Emisiones del 2023 Participaci\u00f3n de la sociedad civil en la paz total Reforma Laboral Paz Total Las huellas del feminicidio Gustavo Petro, logros, retos y esc\u00e1ndalos en su primer a\u00f1o de gobierno. L\u00edderes sociales,la zozobra no se detiene. Cali: Los retos en su movilidad Buenaventura, mas alla de la crisis.[...]\" \/>\n<meta property=\"og:url\" content=\"https:\/\/canal.univalle.edu.co\/index.php\/la-quinta-silla\/\" \/>\n<meta property=\"og:site_name\" content=\"Canal Universitario \/ Universidad del Valle \/ Cali, Colombia\" \/>\n<meta property=\"article:modified_time\" content=\"2023-09-27T15:50:53+00:00\" \/>\n<meta property=\"og:image\" content=\"http:\/\/canal.univalle.edu.co\/wp-content\/uploads\/2019\/03\/la-quinta-silla.jpg\" \/>\n<script type=\"application\/ld+json\" class=\"yoast-schema-graph\">{\"@context\":\"https:\/\/schema.org\",\"@graph\":[{\"@type\":\"WebPage\",\"@id\":\"https:\/\/canal.univalle.edu.co\/index.php\/la-quinta-silla\/\",\"url\":\"https:\/\/canal.univalle.edu.co\/index.php\/la-quinta-silla\/\",\"name\":\"La Quinta Silla - Canal Universitario \/ Universidad del Valle \/ Cali, Colombia\",\"isPartOf\":{\"@id\":\"https:\/\/canal.univalle.edu.co\/#website\"},\"primaryImageOfPage\":{\"@id\":\"https:\/\/canal.univalle.edu.co\/index.php\/la-quinta-silla\/#primaryimage\"},\"image\":{\"@id\":\"https:\/\/canal.univalle.edu.co\/index.php\/la-quinta-silla\/#primaryimage\"},\"thumbnailUrl\":\"http:\/\/canal.univalle.edu.co\/wp-content\/uploads\/2019\/03\/la-quinta-silla.jpg\",\"datePublished\":\"2019-03-19T17:54:18+00:00\",\"dateModified\":\"2023-09-27T15:50:53+00:00\",\"breadcrumb\":{\"@id\":\"https:\/\/canal.univalle.edu.co\/index.php\/la-quinta-silla\/#breadcrumb\"},\"inLanguage\":\"es\",\"potentialAction\":[{\"@type\":\"ReadAction\",\"target\":[\"https:\/\/canal.univalle.edu.co\/index.php\/la-quinta-silla\/\"]}]},{\"@type\":\"ImageObject\",\"inLanguage\":\"es\",\"@id\":\"https:\/\/canal.univalle.edu.co\/index.php\/la-quinta-silla\/#primaryimage\",\"url\":\"http:\/\/canal.univalle.edu.co\/wp-content\/uploads\/2019\/03\/la-quinta-silla.jpg\",\"contentUrl\":\"http:\/\/canal.univalle.edu.co\/wp-content\/uploads\/2019\/03\/la-quinta-silla.jpg\"},{\"@type\":\"BreadcrumbList\",\"@id\":\"https:\/\/canal.univalle.edu.co\/index.php\/la-quinta-silla\/#breadcrumb\",\"itemListElement\":[{\"@type\":\"ListItem\",\"position\":1,\"name\":\"Portada\",\"item\":\"https:\/\/canal.univalle.edu.co\/\"},{\"@type\":\"ListItem\",\"position\":2,\"name\":\"La Quinta Silla\"}]},{\"@type\":\"WebSite\",\"@id\":\"https:\/\/canal.univalle.edu.co\/#website\",\"url\":\"https:\/\/canal.univalle.edu.co\/\",\"name\":\"Canal Universitario \/ Universidad del Valle \/ Cali, Colombia\",\"description\":\"Canal de la Universidad del Valle\",\"potentialAction\":[{\"@type\":\"SearchAction\",\"target\":{\"@type\":\"EntryPoint\",\"urlTemplate\":\"https:\/\/canal.univalle.edu.co\/?s={search_term_string}\"},\"query-input\":\"required name=search_term_string\"}],\"inLanguage\":\"es\"}]}<\/script>\n<!-- \/ Yoast SEO plugin. -->","yoast_head_json":{"title":"La Quinta Silla - Canal Universitario \/ Universidad del Valle \/ Cali, Colombia","robots":{"index":"index","follow":"follow","max-snippet":"max-snippet:-1","max-image-preview":"max-image-preview:large","max-video-preview":"max-video-preview:-1"},"canonical":"https:\/\/canal.univalle.edu.co\/index.php\/la-quinta-silla\/","og_locale":"es_ES","og_type":"article","og_title":"La Quinta Silla - Canal Universitario \/ Universidad del Valle \/ Cali, Colombia","og_description":"Emisiones del 2023 Participaci\u00f3n de la sociedad civil en la paz total Reforma Laboral Paz Total Las huellas del feminicidio Gustavo Petro, logros, retos y esc\u00e1ndalos en su primer a\u00f1o de gobierno. L\u00edderes sociales,la zozobra no se detiene. Cali: Los retos en su movilidad Buenaventura, mas alla de la crisis.[...]","og_url":"https:\/\/canal.univalle.edu.co\/index.php\/la-quinta-silla\/","og_site_name":"Canal Universitario \/ Universidad del Valle \/ Cali, Colombia","article_modified_time":"2023-09-27T15:50:53+00:00","og_image":[{"url":"http:\/\/canal.univalle.edu.co\/wp-content\/uploads\/2019\/03\/la-quinta-silla.jpg"}],"schema":{"@context":"https:\/\/schema.org","@graph":[{"@type":"WebPage","@id":"https:\/\/canal.univalle.edu.co\/index.php\/la-quinta-silla\/","url":"https:\/\/canal.univalle.edu.co\/index.php\/la-quinta-silla\/","name":"La Quinta Silla - Canal Universitario \/ Universidad del Valle \/ Cali, Colombia","isPartOf":{"@id":"https:\/\/canal.univalle.edu.co\/#website"},"primaryImageOfPage":{"@id":"https:\/\/canal.univalle.edu.co\/index.php\/la-quinta-silla\/#primaryimage"},"image":{"@id":"https:\/\/canal.univalle.edu.co\/index.php\/la-quinta-silla\/#primaryimage"},"thumbnailUrl":"http:\/\/canal.univalle.edu.co\/wp-content\/uploads\/2019\/03\/la-quinta-silla.jpg","datePublished":"2019-03-19T17:54:18+00:00","dateModified":"2023-09-27T15:50:53+00:00","breadcrumb":{"@id":"https:\/\/canal.univalle.edu.co\/index.php\/la-quinta-silla\/#breadcrumb"},"inLanguage":"es","potentialAction":[{"@type":"ReadAction","target":["https:\/\/canal.univalle.edu.co\/index.php\/la-quinta-silla\/"]}]},{"@type":"ImageObject","inLanguage":"es","@id":"https:\/\/canal.univalle.edu.co\/index.php\/la-quinta-silla\/#primaryimage","url":"http:\/\/canal.univalle.edu.co\/wp-content\/uploads\/2019\/03\/la-quinta-silla.jpg","contentUrl":"http:\/\/canal.univalle.edu.co\/wp-content\/uploads\/2019\/03\/la-quinta-silla.jpg"},{"@type":"BreadcrumbList","@id":"https:\/\/canal.univalle.edu.co\/index.php\/la-quinta-silla\/#breadcrumb","itemListElement":[{"@type":"ListItem","position":1,"name":"Portada","item":"https:\/\/canal.univalle.edu.co\/"},{"@type":"ListItem","position":2,"name":"La Quinta Silla"}]},{"@type":"WebSite","@id":"https:\/\/canal.univalle.edu.co\/#website","url":"https:\/\/canal.univalle.edu.co\/","name":"Canal Universitario \/ Universidad del Valle \/ Cali, Colombia","description":"Canal de la Universidad del Valle","potentialAction":[{"@type":"SearchAction","target":{"@type":"EntryPoint","urlTemplate":"https:\/\/canal.univalle.edu.co\/?s={search_term_string}"},"query-input":"required name=search_term_string"}],"inLanguage":"es"}]}},"_links":{"self":[{"href":"https:\/\/canal.univalle.edu.co\/index.php\/wp-json\/wp\/v2\/pages\/6176"}],"collection":[{"href":"https:\/\/canal.univalle.edu.co\/index.php\/wp-json\/wp\/v2\/pages"}],"about":[{"href":"https:\/\/canal.univalle.edu.co\/index.php\/wp-json\/wp\/v2\/types\/page"}],"author":[{"embeddable":true,"href":"https:\/\/canal.univalle.edu.co\/index.php\/wp-json\/wp\/v2\/users\/1"}],"replies":[{"embeddable":true,"href":"https:\/\/canal.univalle.edu.co\/index.php\/wp-json\/wp\/v2\/comments?post=6176"}],"version-history":[{"count":21,"href":"https:\/\/canal.univalle.edu.co\/index.php\/wp-json\/wp\/v2\/pages\/6176\/revisions"}],"predecessor-version":[{"id":7954,"href":"https:\/\/canal.univalle.edu.co\/index.php\/wp-json\/wp\/v2\/pages\/6176\/revisions\/7954"}],"wp:attachment":[{"href":"https:\/\/canal.univalle.edu.co\/index.php\/wp-json\/wp\/v2\/media?parent=6176"}],"curies":[{"name":"wp","href":"https:\/\/api.w.org\/{rel}","templated":true}]}}