








{"id":3966,"date":"2016-04-01T16:02:31","date_gmt":"2016-04-01T21:02:31","guid":{"rendered":"http:\/\/canal.univalle.edu.co\/?page_id=3966"},"modified":"2018-07-09T15:37:55","modified_gmt":"2018-07-09T20:37:55","slug":"acerca-de-nosotros","status":"publish","type":"page","link":"https:\/\/canal.univalle.edu.co\/index.php\/acerca-de-nosotros\/","title":{"rendered":"Acerca de nosotros"},"content":{"rendered":"<p><span style=\"font-size: 10pt; font-family: helvetica;\">El Canal Universitario de la Universidad del Valle,\u00a0 es un medio que busca colmar las expectativas culturales, sociales, educativas y de entretenimiento de la ciudad de Santiago de Cali.<\/span><\/p>\n<p><span style=\"font-family: helvetica;\">Hoy en d\u00eda contamos con una audiencia de m\u00e1s de 600.000 televidentes, mostrando una opci\u00f3n alternativa para ver televisi\u00f3n, brindamos contenidos\u00a0 diferentes para llevar a los hogares cale\u00f1os una programaci\u00f3n de calidad.<\/span><\/p>\n<p><span style=\"font-family: helvetica;\">En nuestra programaci\u00f3n\u00a0 usted encontrar\u00e1 contenidos de inclusi\u00f3n, con temas deportivos, musicales, acad\u00e9micos, sociales y actuales. Usted podr\u00e1 disfrutar de diferentes g\u00e9neros informativos como entrevistas, documentales, magazines\u00a0 entre otros, ofreciendo as\u00ed espacios de divulgaci\u00f3n, opini\u00f3n, debate y entretenimiento.<\/span><\/p>\n<p><span style=\"font-family: helvetica;\">De esta manera, nos posicionamos como el canal de la ciudad de Cali, una opci\u00f3n diferente de hacer y de ver televisi\u00f3n.<\/span><\/p>\n<p><span style=\"font-family: helvetica;\"><strong>Nuestras frecuencias<\/strong>:<\/span><\/p>\n<p><span style=\"font-family: helvetica;\">Une: canal\u00a084<\/span><\/p>\n<p><span style=\"font-family: helvetica;\">Claro: canal 25<\/span><\/p>\n<p><span style=\"font-family: helvetica;\">Claro digital: canal 104<\/span><\/p>\n<p><span style=\"font-family: helvetica;\">Global TV: canal 88<\/span><\/p>\n<p><span style=\"font-family: helvetica;\">Antena de aire: canal 25 o canal 76.<\/span><\/p>\n<p><span style=\"font-family: helvetica;\"><strong>\u00a1Qu\u00e9 esperas para hacer parte de una televisi\u00f3n diferente!<\/strong><\/span><\/p>\n","protected":false},"excerpt":{"rendered":"<p>El Canal Universitario de la Universidad del Valle,\u00a0 es un medio que busca colmar las expectativas culturales, sociales, educativas y de entretenimiento de la ciudad de Santiago de Cali. Hoy en d\u00eda contamos con una audiencia de m\u00e1s de 600.000 televidentes, mostrando una opci\u00f3n alternativa para ver televisi\u00f3n, brindamos contenidos\u00a0[&#8230;]<\/p>\n","protected":false},"author":1,"featured_media":1153,"parent":0,"menu_order":0,"comment_status":"closed","ping_status":"closed","template":"","meta":{"footnotes":""},"yoast_head":"<!-- This site is optimized with the Yoast SEO plugin v22.2 - https:\/\/yoast.com\/wordpress\/plugins\/seo\/ -->\n<title>Acerca de nosotros - Canal Universitario \/ Universidad del Valle \/ Cali, Colombia<\/title>\n<meta name=\"robots\" content=\"index, follow, max-snippet:-1, max-image-preview:large, max-video-preview:-1\" \/>\n<link rel=\"canonical\" href=\"https:\/\/canal.univalle.edu.co\/index.php\/acerca-de-nosotros\/\" \/>\n<meta property=\"og:locale\" content=\"es_ES\" \/>\n<meta property=\"og:type\" content=\"article\" \/>\n<meta property=\"og:title\" content=\"Acerca de nosotros - Canal Universitario \/ Universidad del Valle \/ Cali, Colombia\" \/>\n<meta property=\"og:description\" content=\"El Canal Universitario de la Universidad del Valle,\u00a0 es un medio que busca colmar las expectativas culturales, sociales, educativas y de entretenimiento de la ciudad de Santiago de Cali. Hoy en d\u00eda contamos con una audiencia de m\u00e1s de 600.000 televidentes, mostrando una opci\u00f3n alternativa para ver televisi\u00f3n, brindamos contenidos\u00a0[...]\" \/>\n<meta property=\"og:url\" content=\"https:\/\/canal.univalle.edu.co\/index.php\/acerca-de-nosotros\/\" \/>\n<meta property=\"og:site_name\" content=\"Canal Universitario \/ Universidad del Valle \/ Cali, Colombia\" \/>\n<meta property=\"article:modified_time\" content=\"2018-07-09T20:37:55+00:00\" \/>\n<meta property=\"og:image\" content=\"https:\/\/canal.univalle.edu.co\/wp-content\/uploads\/2014\/09\/Slider.png\" \/>\n\t<meta property=\"og:image:width\" content=\"940\" \/>\n\t<meta property=\"og:image:height\" content=\"470\" \/>\n\t<meta property=\"og:image:type\" content=\"image\/png\" \/>\n<meta name=\"twitter:label1\" content=\"Tiempo de lectura\" \/>\n\t<meta name=\"twitter:data1\" content=\"1 minuto\" \/>\n<script type=\"application\/ld+json\" class=\"yoast-schema-graph\">{\"@context\":\"https:\/\/schema.org\",\"@graph\":[{\"@type\":\"WebPage\",\"@id\":\"https:\/\/canal.univalle.edu.co\/index.php\/acerca-de-nosotros\/\",\"url\":\"https:\/\/canal.univalle.edu.co\/index.php\/acerca-de-nosotros\/\",\"name\":\"Acerca de nosotros - Canal Universitario \/ Universidad del Valle \/ Cali, Colombia\",\"isPartOf\":{\"@id\":\"https:\/\/canal.univalle.edu.co\/#website\"},\"primaryImageOfPage\":{\"@id\":\"https:\/\/canal.univalle.edu.co\/index.php\/acerca-de-nosotros\/#primaryimage\"},\"image\":{\"@id\":\"https:\/\/canal.univalle.edu.co\/index.php\/acerca-de-nosotros\/#primaryimage\"},\"thumbnailUrl\":\"https:\/\/canal.univalle.edu.co\/wp-content\/uploads\/2014\/09\/Slider.png\",\"datePublished\":\"2016-04-01T21:02:31+00:00\",\"dateModified\":\"2018-07-09T20:37:55+00:00\",\"breadcrumb\":{\"@id\":\"https:\/\/canal.univalle.edu.co\/index.php\/acerca-de-nosotros\/#breadcrumb\"},\"inLanguage\":\"es\",\"potentialAction\":[{\"@type\":\"ReadAction\",\"target\":[\"https:\/\/canal.univalle.edu.co\/index.php\/acerca-de-nosotros\/\"]}]},{\"@type\":\"ImageObject\",\"inLanguage\":\"es\",\"@id\":\"https:\/\/canal.univalle.edu.co\/index.php\/acerca-de-nosotros\/#primaryimage\",\"url\":\"https:\/\/canal.univalle.edu.co\/wp-content\/uploads\/2014\/09\/Slider.png\",\"contentUrl\":\"https:\/\/canal.univalle.edu.co\/wp-content\/uploads\/2014\/09\/Slider.png\",\"width\":940,\"height\":470},{\"@type\":\"BreadcrumbList\",\"@id\":\"https:\/\/canal.univalle.edu.co\/index.php\/acerca-de-nosotros\/#breadcrumb\",\"itemListElement\":[{\"@type\":\"ListItem\",\"position\":1,\"name\":\"Portada\",\"item\":\"https:\/\/canal.univalle.edu.co\/\"},{\"@type\":\"ListItem\",\"position\":2,\"name\":\"Acerca de nosotros\"}]},{\"@type\":\"WebSite\",\"@id\":\"https:\/\/canal.univalle.edu.co\/#website\",\"url\":\"https:\/\/canal.univalle.edu.co\/\",\"name\":\"Canal Universitario \/ Universidad del Valle \/ Cali, Colombia\",\"description\":\"Canal de la Universidad del Valle\",\"potentialAction\":[{\"@type\":\"SearchAction\",\"target\":{\"@type\":\"EntryPoint\",\"urlTemplate\":\"https:\/\/canal.univalle.edu.co\/?s={search_term_string}\"},\"query-input\":\"required name=search_term_string\"}],\"inLanguage\":\"es\"}]}<\/script>\n<!-- \/ Yoast SEO plugin. -->","yoast_head_json":{"title":"Acerca de nosotros - Canal Universitario \/ Universidad del Valle \/ Cali, Colombia","robots":{"index":"index","follow":"follow","max-snippet":"max-snippet:-1","max-image-preview":"max-image-preview:large","max-video-preview":"max-video-preview:-1"},"canonical":"https:\/\/canal.univalle.edu.co\/index.php\/acerca-de-nosotros\/","og_locale":"es_ES","og_type":"article","og_title":"Acerca de nosotros - Canal Universitario \/ Universidad del Valle \/ Cali, Colombia","og_description":"El Canal Universitario de la Universidad del Valle,\u00a0 es un medio que busca colmar las expectativas culturales, sociales, educativas y de entretenimiento de la ciudad de Santiago de Cali. Hoy en d\u00eda contamos con una audiencia de m\u00e1s de 600.000 televidentes, mostrando una opci\u00f3n alternativa para ver televisi\u00f3n, brindamos contenidos\u00a0[...]","og_url":"https:\/\/canal.univalle.edu.co\/index.php\/acerca-de-nosotros\/","og_site_name":"Canal Universitario \/ Universidad del Valle \/ Cali, Colombia","article_modified_time":"2018-07-09T20:37:55+00:00","og_image":[{"width":940,"height":470,"url":"https:\/\/canal.univalle.edu.co\/wp-content\/uploads\/2014\/09\/Slider.png","type":"image\/png"}],"twitter_misc":{"Tiempo de lectura":"1 minuto"},"schema":{"@context":"https:\/\/schema.org","@graph":[{"@type":"WebPage","@id":"https:\/\/canal.univalle.edu.co\/index.php\/acerca-de-nosotros\/","url":"https:\/\/canal.univalle.edu.co\/index.php\/acerca-de-nosotros\/","name":"Acerca de nosotros - Canal Universitario \/ Universidad del Valle \/ Cali, Colombia","isPartOf":{"@id":"https:\/\/canal.univalle.edu.co\/#website"},"primaryImageOfPage":{"@id":"https:\/\/canal.univalle.edu.co\/index.php\/acerca-de-nosotros\/#primaryimage"},"image":{"@id":"https:\/\/canal.univalle.edu.co\/index.php\/acerca-de-nosotros\/#primaryimage"},"thumbnailUrl":"https:\/\/canal.univalle.edu.co\/wp-content\/uploads\/2014\/09\/Slider.png","datePublished":"2016-04-01T21:02:31+00:00","dateModified":"2018-07-09T20:37:55+00:00","breadcrumb":{"@id":"https:\/\/canal.univalle.edu.co\/index.php\/acerca-de-nosotros\/#breadcrumb"},"inLanguage":"es","potentialAction":[{"@type":"ReadAction","target":["https:\/\/canal.univalle.edu.co\/index.php\/acerca-de-nosotros\/"]}]},{"@type":"ImageObject","inLanguage":"es","@id":"https:\/\/canal.univalle.edu.co\/index.php\/acerca-de-nosotros\/#primaryimage","url":"https:\/\/canal.univalle.edu.co\/wp-content\/uploads\/2014\/09\/Slider.png","contentUrl":"https:\/\/canal.univalle.edu.co\/wp-content\/uploads\/2014\/09\/Slider.png","width":940,"height":470},{"@type":"BreadcrumbList","@id":"https:\/\/canal.univalle.edu.co\/index.php\/acerca-de-nosotros\/#breadcrumb","itemListElement":[{"@type":"ListItem","position":1,"name":"Portada","item":"https:\/\/canal.univalle.edu.co\/"},{"@type":"ListItem","position":2,"name":"Acerca de nosotros"}]},{"@type":"WebSite","@id":"https:\/\/canal.univalle.edu.co\/#website","url":"https:\/\/canal.univalle.edu.co\/","name":"Canal Universitario \/ Universidad del Valle \/ Cali, Colombia","description":"Canal de la Universidad del Valle","potentialAction":[{"@type":"SearchAction","target":{"@type":"EntryPoint","urlTemplate":"https:\/\/canal.univalle.edu.co\/?s={search_term_string}"},"query-input":"required name=search_term_string"}],"inLanguage":"es"}]}},"_links":{"self":[{"href":"https:\/\/canal.univalle.edu.co\/index.php\/wp-json\/wp\/v2\/pages\/3966"}],"collection":[{"href":"https:\/\/canal.univalle.edu.co\/index.php\/wp-json\/wp\/v2\/pages"}],"about":[{"href":"https:\/\/canal.univalle.edu.co\/index.php\/wp-json\/wp\/v2\/types\/page"}],"author":[{"embeddable":true,"href":"https:\/\/canal.univalle.edu.co\/index.php\/wp-json\/wp\/v2\/users\/1"}],"replies":[{"embeddable":true,"href":"https:\/\/canal.univalle.edu.co\/index.php\/wp-json\/wp\/v2\/comments?post=3966"}],"version-history":[{"count":4,"href":"https:\/\/canal.univalle.edu.co\/index.php\/wp-json\/wp\/v2\/pages\/3966\/revisions"}],"predecessor-version":[{"id":4837,"href":"https:\/\/canal.univalle.edu.co\/index.php\/wp-json\/wp\/v2\/pages\/3966\/revisions\/4837"}],"wp:featuredmedia":[{"embeddable":true,"href":"https:\/\/canal.univalle.edu.co\/index.php\/wp-json\/wp\/v2\/media\/1153"}],"wp:attachment":[{"href":"https:\/\/canal.univalle.edu.co\/index.php\/wp-json\/wp\/v2\/media?parent=3966"}],"curies":[{"name":"wp","href":"https:\/\/api.w.org\/{rel}","templated":true}]}}