








{"version":"1.0","provider_name":"Canal Universitario \/ Universidad del Valle  \/ Cali, Colombia","provider_url":"https:\/\/canal.univalle.edu.co","author_name":"admin","author_url":"https:\/\/canal.univalle.edu.co\/index.php\/author\/admin\/","title":"Reparaci\u00f3n de da\u00f1os en San Fernando avanza a toda marcha - Canal Universitario \/ Universidad del Valle \/ Cali, Colombia","type":"rich","width":600,"height":338,"html":"<blockquote class=\"wp-embedded-content\" data-secret=\"JO0ZENjVKi\"><a href=\"https:\/\/canal.univalle.edu.co\/index.php\/reparacion-danos-san-fernando-avanza-toda-marcha\/\">Reparaci\u00f3n de da\u00f1os en San Fernando avanza a toda marcha<\/a><\/blockquote><iframe sandbox=\"allow-scripts\" security=\"restricted\" src=\"https:\/\/canal.univalle.edu.co\/index.php\/reparacion-danos-san-fernando-avanza-toda-marcha\/embed\/#?secret=JO0ZENjVKi\" width=\"600\" height=\"338\" title=\"\u00abReparaci\u00f3n de da\u00f1os en San Fernando avanza a toda marcha\u00bb \u2014 Canal Universitario \/ Universidad del Valle  \/ Cali, Colombia\" data-secret=\"JO0ZENjVKi\" frameborder=\"0\" marginwidth=\"0\" marginheight=\"0\" scrolling=\"no\" class=\"wp-embedded-content\"><\/iframe><script type=\"text\/javascript\">\n\/* <![CDATA[ *\/\n\/*! This file is auto-generated *\/\n!function(d,l){\"use strict\";l.querySelector&&d.addEventListener&&\"undefined\"!=typeof URL&&(d.wp=d.wp||{},d.wp.receiveEmbedMessage||(d.wp.receiveEmbedMessage=function(e){var t=e.data;if((t||t.secret||t.message||t.value)&&!\/[^a-zA-Z0-9]\/.test(t.secret)){for(var s,r,n,a=l.querySelectorAll('iframe[data-secret=\"'+t.secret+'\"]'),o=l.querySelectorAll('blockquote[data-secret=\"'+t.secret+'\"]'),c=new RegExp(\"^https?:$\",\"i\"),i=0;i<o.length;i++)o[i].style.display=\"none\";for(i=0;i<a.length;i++)s=a[i],e.source===s.contentWindow&&(s.removeAttribute(\"style\"),\"height\"===t.message?(1e3<(r=parseInt(t.value,10))?r=1e3:~~r<200&&(r=200),s.height=r):\"link\"===t.message&&(r=new URL(s.getAttribute(\"src\")),n=new URL(t.value),c.test(n.protocol))&&n.host===r.host&&l.activeElement===s&&(d.top.location.href=t.value))}},d.addEventListener(\"message\",d.wp.receiveEmbedMessage,!1),l.addEventListener(\"DOMContentLoaded\",function(){for(var e,t,s=l.querySelectorAll(\"iframe.wp-embedded-content\"),r=0;r<s.length;r++)(t=(e=s[r]).getAttribute(\"data-secret\"))||(t=Math.random().toString(36).substring(2,12),e.src+=\"#?secret=\"+t,e.setAttribute(\"data-secret\",t)),e.contentWindow.postMessage({message:\"ready\",secret:t},\"*\")},!1)))}(window,document);\n\/* ]]> *\/\n<\/script>\n","thumbnail_url":"https:\/\/canal.univalle.edu.co\/wp-content\/uploads\/2021\/03\/7d243cbaa1b8cee21a8bad0cfd06e0d6_M.jpg","thumbnail_width":400,"thumbnail_height":300,"description":"Agencia de Noticias Univalle Tan pronto como ocurrieron las afectaciones en las instalaciones de la Sede San Fernando por el fuerte aguacero de hoy lunes, m\u00faltiples cuadrillas orientadas por la Direcci\u00f3n de Infraestructura, con el apoyo de la Vicerrector\u00eda Administrativa y el \u00c1rea de Salud Ocupacional, han trabajado de forma[...]"}

Reparación de daños en San Fernando avanza a toda marcha - Canal Universitario / Universidad del Valle / Cali, Colombia

<blockquote class="wp-embedded-content" data-secret="JO0ZENjVKi"><a href="https://canal.univalle.edu.co/index.php/reparacion-danos-san-fernando-avanza-toda-marcha/">Reparación de daños en San Fernando avanza a toda marcha</a></blockquote><iframe sandbox="allow-scripts" security="restricted" src="https://canal.univalle.edu.co/index.php/reparacion-danos-san-fernando-avanza-toda-marcha/embed/#?secret=JO0ZENjVKi" width="600" height="338" title="«Reparación de daños en San Fernando avanza a toda marcha» — Canal Universitario / Universidad del Valle  / Cali, Colombia" data-secret="JO0ZENjVKi" frameborder="0" marginwidth="0" marginheight="0" scrolling="no" class="wp-embedded-content"></iframe><script type="text/javascript">
/* <![CDATA[ */
/*! This file is auto-generated */
!function(d,l){"use strict";l.querySelector&&d.addEventListener&&"undefined"!=typeof URL&&(d.wp=d.wp||{},d.wp.receiveEmbedMessage||(d.wp.receiveEmbedMessage=function(e){var t=e.data;if((t||t.secret||t.message||t.value)&&!/[^a-zA-Z0-9]/.test(t.secret)){for(var s,r,n,a=l.querySelectorAll('iframe[data-secret="'+t.secret+'"]'),o=l.querySelectorAll('blockquote[data-secret="'+t.secret+'"]'),c=new RegExp("^https?:$","i"),i=0;i<o.length;i++)o[i].style.display="none";for(i=0;i<a.length;i++)s=a[i],e.source===s.contentWindow&&(s.removeAttribute("style"),"height"===t.message?(1e3<(r=parseInt(t.value,10))?r=1e3:~~r<200&&(r=200),s.height=r):"link"===t.message&&(r=new URL(s.getAttribute("src")),n=new URL(t.value),c.test(n.protocol))&&n.host===r.host&&l.activeElement===s&&(d.top.location.href=t.value))}},d.addEventListener("message",d.wp.receiveEmbedMessage,!1),l.addEventListener("DOMContentLoaded",function(){for(var e,t,s=l.querySelectorAll("iframe.wp-embedded-content"),r=0;r<s.length;r++)(t=(e=s[r]).getAttribute("data-secret"))||(t=Math.random().toString(36).substring(2,12),e.src+="#?secret="+t,e.setAttribute("data-secret",t)),e.contentWindow.postMessage({message:"ready",secret:t},"*")},!1)))}(window,document);
/* ]]> */
</script>

Agencia de Noticias Univalle Tan pronto como ocurrieron las afectaciones en las instalaciones de la Sede San Fernando por el fuerte aguacero de hoy lunes, múltiples cuadrillas orientadas por la Dirección de Infraestructura, con el apoyo de la Vicerrectoría Administrativa y el Área de Salud Ocupacional, han trabajado de forma[...]
