








{"version":"1.0","provider_name":"Canal Universitario \/ Universidad del Valle  \/ Cali, Colombia","provider_url":"https:\/\/canal.univalle.edu.co","author_name":"admin","author_url":"https:\/\/canal.univalle.edu.co\/index.php\/author\/admin\/","title":"PARCHE PRO: \u201cLa inserci\u00f3n laboral de los j\u00f3venes en Colombia.\u201d - Canal Universitario \/ Universidad del Valle \/ Cali, Colombia","type":"rich","width":600,"height":338,"html":"<blockquote class=\"wp-embedded-content\" data-secret=\"h3iPaOuNCh\"><a href=\"https:\/\/canal.univalle.edu.co\/index.php\/parche-pro-la-insercion-laboral-los-jovenes-colombia\/\">PARCHE PRO: \u201cLa inserci\u00f3n laboral de los j\u00f3venes en Colombia.\u201d<\/a><\/blockquote><iframe sandbox=\"allow-scripts\" security=\"restricted\" src=\"https:\/\/canal.univalle.edu.co\/index.php\/parche-pro-la-insercion-laboral-los-jovenes-colombia\/embed\/#?secret=h3iPaOuNCh\" width=\"600\" height=\"338\" title=\"\u00abPARCHE PRO: \u201cLa inserci\u00f3n laboral de los j\u00f3venes en Colombia.\u201d\u00bb \u2014 Canal Universitario \/ Universidad del Valle  \/ Cali, Colombia\" data-secret=\"h3iPaOuNCh\" frameborder=\"0\" marginwidth=\"0\" marginheight=\"0\" scrolling=\"no\" class=\"wp-embedded-content\"><\/iframe><script type=\"text\/javascript\">\n\/* <![CDATA[ *\/\n\/*! This file is auto-generated *\/\n!function(d,l){\"use strict\";l.querySelector&&d.addEventListener&&\"undefined\"!=typeof URL&&(d.wp=d.wp||{},d.wp.receiveEmbedMessage||(d.wp.receiveEmbedMessage=function(e){var t=e.data;if((t||t.secret||t.message||t.value)&&!\/[^a-zA-Z0-9]\/.test(t.secret)){for(var s,r,n,a=l.querySelectorAll('iframe[data-secret=\"'+t.secret+'\"]'),o=l.querySelectorAll('blockquote[data-secret=\"'+t.secret+'\"]'),c=new RegExp(\"^https?:$\",\"i\"),i=0;i<o.length;i++)o[i].style.display=\"none\";for(i=0;i<a.length;i++)s=a[i],e.source===s.contentWindow&&(s.removeAttribute(\"style\"),\"height\"===t.message?(1e3<(r=parseInt(t.value,10))?r=1e3:~~r<200&&(r=200),s.height=r):\"link\"===t.message&&(r=new URL(s.getAttribute(\"src\")),n=new URL(t.value),c.test(n.protocol))&&n.host===r.host&&l.activeElement===s&&(d.top.location.href=t.value))}},d.addEventListener(\"message\",d.wp.receiveEmbedMessage,!1),l.addEventListener(\"DOMContentLoaded\",function(){for(var e,t,s=l.querySelectorAll(\"iframe.wp-embedded-content\"),r=0;r<s.length;r++)(t=(e=s[r]).getAttribute(\"data-secret\"))||(t=Math.random().toString(36).substring(2,12),e.src+=\"#?secret=\"+t,e.setAttribute(\"data-secret\",t)),e.contentWindow.postMessage({message:\"ready\",secret:t},\"*\")},!1)))}(window,document);\n\/* ]]> *\/\n<\/script>\n","thumbnail_url":"https:\/\/canal.univalle.edu.co\/wp-content\/uploads\/2020\/11\/Sin-t\u00edtulo5.jpg","thumbnail_width":833,"thumbnail_height":456,"description":"PARCHE PRO: \u201cLa inserci\u00f3n laboral de los j\u00f3venes en Colombia.\u201d Se abordar\u00e1 el tema de la inserci\u00f3n laboral de los j\u00f3venes en Colombia, una situaci\u00f3n que tiene muchas implicaciones, no solo en el bienestar propio sino tambi\u00e9n en algunos elementos que son claves para el desarrollo socioecon\u00f3mico de nuestro pa\u00eds,[...]"}

PARCHE PRO: “La inserción laboral de los jóvenes en Colombia.” - Canal Universitario / Universidad del Valle / Cali, Colombia

<blockquote class="wp-embedded-content" data-secret="h3iPaOuNCh"><a href="https://canal.univalle.edu.co/index.php/parche-pro-la-insercion-laboral-los-jovenes-colombia/">PARCHE PRO: “La inserción laboral de los jóvenes en Colombia.”</a></blockquote><iframe sandbox="allow-scripts" security="restricted" src="https://canal.univalle.edu.co/index.php/parche-pro-la-insercion-laboral-los-jovenes-colombia/embed/#?secret=h3iPaOuNCh" width="600" height="338" title="«PARCHE PRO: “La inserción laboral de los jóvenes en Colombia.”» — Canal Universitario / Universidad del Valle  / Cali, Colombia" data-secret="h3iPaOuNCh" frameborder="0" marginwidth="0" marginheight="0" scrolling="no" class="wp-embedded-content"></iframe><script type="text/javascript">
/* <![CDATA[ */
/*! This file is auto-generated */
!function(d,l){"use strict";l.querySelector&&d.addEventListener&&"undefined"!=typeof URL&&(d.wp=d.wp||{},d.wp.receiveEmbedMessage||(d.wp.receiveEmbedMessage=function(e){var t=e.data;if((t||t.secret||t.message||t.value)&&!/[^a-zA-Z0-9]/.test(t.secret)){for(var s,r,n,a=l.querySelectorAll('iframe[data-secret="'+t.secret+'"]'),o=l.querySelectorAll('blockquote[data-secret="'+t.secret+'"]'),c=new RegExp("^https?:$","i"),i=0;i<o.length;i++)o[i].style.display="none";for(i=0;i<a.length;i++)s=a[i],e.source===s.contentWindow&&(s.removeAttribute("style"),"height"===t.message?(1e3<(r=parseInt(t.value,10))?r=1e3:~~r<200&&(r=200),s.height=r):"link"===t.message&&(r=new URL(s.getAttribute("src")),n=new URL(t.value),c.test(n.protocol))&&n.host===r.host&&l.activeElement===s&&(d.top.location.href=t.value))}},d.addEventListener("message",d.wp.receiveEmbedMessage,!1),l.addEventListener("DOMContentLoaded",function(){for(var e,t,s=l.querySelectorAll("iframe.wp-embedded-content"),r=0;r<s.length;r++)(t=(e=s[r]).getAttribute("data-secret"))||(t=Math.random().toString(36).substring(2,12),e.src+="#?secret="+t,e.setAttribute("data-secret",t)),e.contentWindow.postMessage({message:"ready",secret:t},"*")},!1)))}(window,document);
/* ]]> */
</script>

https://canal.univalle.edu.co/wp-content/uploads/2020/11/Sin-título5.jpg

PARCHE PRO: “La inserción laboral de los jóvenes en Colombia.” Se abordará el tema de la inserción laboral de los jóvenes en Colombia, una situación que tiene muchas implicaciones, no solo en el bienestar propio sino también en algunos elementos que son claves para el desarrollo socioeconómico de nuestro país,[...]
