








{"version":"1.0","provider_name":"Canal Universitario \/ Universidad del Valle  \/ Cali, Colombia","provider_url":"https:\/\/canal.univalle.edu.co","author_name":"admin","author_url":"https:\/\/canal.univalle.edu.co\/index.php\/author\/admin\/","title":"INAUGURACI\u00d3N DEL M\u00cdO CABLE  - Canal Universitario \/ Universidad del Valle \/ Cali, Colombia","type":"rich","width":600,"height":338,"html":"<blockquote class=\"wp-embedded-content\" data-secret=\"WUGPgap75J\"><a href=\"https:\/\/canal.univalle.edu.co\/index.php\/inauguracion-del-mio-cable\/\">INAUGURACI\u00d3N DEL M\u00cdO CABLE<\/a><\/blockquote><iframe sandbox=\"allow-scripts\" security=\"restricted\" src=\"https:\/\/canal.univalle.edu.co\/index.php\/inauguracion-del-mio-cable\/embed\/#?secret=WUGPgap75J\" width=\"600\" height=\"338\" title=\"\u00abINAUGURACI\u00d3N DEL M\u00cdO CABLE\u00bb \u2014 Canal Universitario \/ Universidad del Valle  \/ Cali, Colombia\" data-secret=\"WUGPgap75J\" frameborder=\"0\" marginwidth=\"0\" marginheight=\"0\" scrolling=\"no\" class=\"wp-embedded-content\"><\/iframe><script type=\"text\/javascript\">\n\/* <![CDATA[ *\/\n\/*! This file is auto-generated *\/\n!function(d,l){\"use strict\";l.querySelector&&d.addEventListener&&\"undefined\"!=typeof URL&&(d.wp=d.wp||{},d.wp.receiveEmbedMessage||(d.wp.receiveEmbedMessage=function(e){var t=e.data;if((t||t.secret||t.message||t.value)&&!\/[^a-zA-Z0-9]\/.test(t.secret)){for(var s,r,n,a=l.querySelectorAll('iframe[data-secret=\"'+t.secret+'\"]'),o=l.querySelectorAll('blockquote[data-secret=\"'+t.secret+'\"]'),c=new RegExp(\"^https?:$\",\"i\"),i=0;i<o.length;i++)o[i].style.display=\"none\";for(i=0;i<a.length;i++)s=a[i],e.source===s.contentWindow&&(s.removeAttribute(\"style\"),\"height\"===t.message?(1e3<(r=parseInt(t.value,10))?r=1e3:~~r<200&&(r=200),s.height=r):\"link\"===t.message&&(r=new URL(s.getAttribute(\"src\")),n=new URL(t.value),c.test(n.protocol))&&n.host===r.host&&l.activeElement===s&&(d.top.location.href=t.value))}},d.addEventListener(\"message\",d.wp.receiveEmbedMessage,!1),l.addEventListener(\"DOMContentLoaded\",function(){for(var e,t,s=l.querySelectorAll(\"iframe.wp-embedded-content\"),r=0;r<s.length;r++)(t=(e=s[r]).getAttribute(\"data-secret\"))||(t=Math.random().toString(36).substring(2,12),e.src+=\"#?secret=\"+t,e.setAttribute(\"data-secret\",t)),e.contentWindow.postMessage({message:\"ready\",secret:t},\"*\")},!1)))}(window,document);\n\/* ]]> *\/\n<\/script>\n","thumbnail_url":"https:\/\/canal.univalle.edu.co\/wp-content\/uploads\/2015\/09\/1.jpg","thumbnail_width":679,"thumbnail_height":340,"description":"Para el viernes 18 de septiembre se tiene programada la inauguraci\u00f3n del M\u00cdO Cable, acto que contar\u00e1 con la presencia del presidente Juan Manuel Santos. \u00a0 As\u00ed lo explic\u00f3 el presidente de Metrocali, Luis Fernando Sandoval, durante el foro de movilidad organizado por el Consorcio Ciudadano, que tuvo lugar ayer[...]"}

INAUGURACIÓN DEL MÍO CABLE  - Canal Universitario / Universidad del Valle / Cali, Colombia

<blockquote class="wp-embedded-content" data-secret="WUGPgap75J"><a href="https://canal.univalle.edu.co/index.php/inauguracion-del-mio-cable/">INAUGURACIÓN DEL MÍO CABLE</a></blockquote><iframe sandbox="allow-scripts" security="restricted" src="https://canal.univalle.edu.co/index.php/inauguracion-del-mio-cable/embed/#?secret=WUGPgap75J" width="600" height="338" title="«INAUGURACIÓN DEL MÍO CABLE» — Canal Universitario / Universidad del Valle  / Cali, Colombia" data-secret="WUGPgap75J" frameborder="0" marginwidth="0" marginheight="0" scrolling="no" class="wp-embedded-content"></iframe><script type="text/javascript">
/* <![CDATA[ */
/*! This file is auto-generated */
!function(d,l){"use strict";l.querySelector&&d.addEventListener&&"undefined"!=typeof URL&&(d.wp=d.wp||{},d.wp.receiveEmbedMessage||(d.wp.receiveEmbedMessage=function(e){var t=e.data;if((t||t.secret||t.message||t.value)&&!/[^a-zA-Z0-9]/.test(t.secret)){for(var s,r,n,a=l.querySelectorAll('iframe[data-secret="'+t.secret+'"]'),o=l.querySelectorAll('blockquote[data-secret="'+t.secret+'"]'),c=new RegExp("^https?:$","i"),i=0;i<o.length;i++)o[i].style.display="none";for(i=0;i<a.length;i++)s=a[i],e.source===s.contentWindow&&(s.removeAttribute("style"),"height"===t.message?(1e3<(r=parseInt(t.value,10))?r=1e3:~~r<200&&(r=200),s.height=r):"link"===t.message&&(r=new URL(s.getAttribute("src")),n=new URL(t.value),c.test(n.protocol))&&n.host===r.host&&l.activeElement===s&&(d.top.location.href=t.value))}},d.addEventListener("message",d.wp.receiveEmbedMessage,!1),l.addEventListener("DOMContentLoaded",function(){for(var e,t,s=l.querySelectorAll("iframe.wp-embedded-content"),r=0;r<s.length;r++)(t=(e=s[r]).getAttribute("data-secret"))||(t=Math.random().toString(36).substring(2,12),e.src+="#?secret="+t,e.setAttribute("data-secret",t)),e.contentWindow.postMessage({message:"ready",secret:t},"*")},!1)))}(window,document);
/* ]]> */
</script>

Para el viernes 18 de septiembre se tiene programada la inauguración del MÍO Cable, acto que contará con la presencia del presidente Juan Manuel Santos.   Así lo explicó el presidente de Metrocali, Luis Fernando Sandoval, durante el foro de movilidad organizado por el Consorcio Ciudadano, que tuvo lugar ayer[...]
